 - l. What is the highest common divisor of i and 16?
2
Suppose -2*c - u + 132 = 9, -2*c + 5*u + 105 = 0. What is the greatest common factor of 810 and c?
30
Let u = 745 + -745. Suppose u = 10*d - 50 - 160. What is the greatest common divisor of d and 119?
7
Suppose -15*d - 756 = -9*d - 33*d. Calculate the highest common divisor of d and 536.
4
Let v = 691 + -682. Let h(j) = j - 1. Let b be h(4). Suppose -2 = -b*s + 1. What is the greatest common factor of s and v?
1
Let n(f) be the first derivative of 3*f**2/2 + 117*f - 117. Let j be n(-31). What is the highest common divisor of j and 40?
8
Let a = -2333 - -2493. What is the highest common factor of 1504 and a?
32
Suppose 0 = -2*r - 3*m + 382, -2*m - 147 - 215 = -2*r. Calculate the highest common factor of 5513 and r.
37
Let k be (-1 + (-3)/(-12))*-4. Let o be ((-5 - -8) + -1*k)*-1. Suppose 3*l + 4*b = 41, o = -3*l - 2*l - 4*b + 71. What is the highest common factor of l and 3?
3
Suppose 2*h - 20*h + 90 = 0. Let s(d) = d**2 + 2*d - 12. Let g be s(h). What is the highest common factor of 46 and g?
23
Let n be 0 + -9 + 3 - 77/1. Suppose -b = r - 136, 0 = -2*r + 7*r + 3*b - 674. Let l = n + r. Calculate the greatest common divisor of l and 10.
10
Suppose -159319 = -48*u - 2*u + 231231. What is the highest common factor of u and 107?
107
Let y(i) = 282*i - 9273. Let l be y(33). Let k = -46 - -167. Calculate the highest common divisor of k and l.
11
Let v(p) = -8*p + 64. Let f be v(8). Suppose 5*b + 31 - 11 = 0, -3*w + 5*b + 101 = f. Let n be 0/(-1) - -12 - 3. What is the greatest common divisor of w and n?
9
Let i be (-3)/(-12) + 252/16. Let q be -11 - (-7 - 264 - 4). Calculate the highest common factor of q and i.
8
Let g = 5155 - 5131. Calculate the highest common divisor of g and 1272.
24
Let j(i) = -i**2 + 11*i + 41*i - 59 + 114. Let h be j(19). Calculate the greatest common divisor of 22 and h.
22
Let p(l) = 6*l. Let u be p(4). Let c(n) = 49*n - 2563. Let y be c(55). What is the greatest common divisor of y and u?
12
Let u be (-2499)/119*(-12)/14. What is the greatest common divisor of 12186 and u?
18
Let s = 124 + -347. Let p = s - -231. What is the greatest common divisor of p and 136?
8
Let p = -400 - -414. Let y be 1/2*66*p/3. Calculate the greatest common divisor of 22 and y.
22
Let w be 1/((51/(-18) - -3)/(-1)). Let f be ((-2)/w)/(15/1080). Let v be (6/4)/(12/256). Calculate the highest common factor of v and f.
8
Let d(v) = v**3 - 13*v**2 + 8*v + 17. Let n be d(14). Calculate the highest common factor of 52 and n.
13
Let a(n) = n**3 - 3*n**2 - 14*n - 7. Suppose 40*s = 32*s + 48. Let q be a(s). Calculate the highest common divisor of 187 and q.
17
Let t(l) = 220 - 181 + 12*l + 6*l. Let a be t(7). Let s be (-2)/4 - 31/(-2). Calculate the greatest common divisor of s and a.
15
Let y = 559 - 1439. Let w = -607 - y. Calculate the greatest common factor of 84 and w.
21
Suppose 0 = -n - 3, l + 4*n - 1 = -10. Suppose 2*i - l*p + 55 = 163, 5*i - 224 = -4*p. Calculate the greatest common divisor of i and 80.
16
Suppose 3*i = 4*x - 1595, -2972 + 2180 = -2*x + 2*i. Suppose -4*b = -165 + 17. Calculate the highest common factor of b and x.
37
Suppose 7*l = 2*f + 11*l - 12, f + 4*l - 12 = 0. Suppose 2*w = -3*m - m + 92, f = w - 2*m - 50. Calculate the highest common divisor of w and 336.
48
Let s be 145/2 + -9 + (-63)/(-6). Suppose s*l + 96 = 82*l. Calculate the highest common divisor of 108 and l.
12
Let s = 2799 + 1516. Calculate the highest common divisor of 5 and s.
5
Let i be (0 - 0 - 4)*(-28 - 13). Calculate the greatest common divisor of 1025 and i.
41
Suppose -1804 + 580 = -6*l. Suppose 0 = -5*d + 9*d - l. Calculate the highest common factor of d and 17.
17
Let m be (3*2)/((-12)/(-16)). Let v(o) = 9*o - 170. Let c be v(19). Let j be 1/c + 1 - -70. Calculate the greatest common divisor of m and j.
8
Let i = -2790 + 3387. Calculate the greatest common divisor of i and 3.
3
Suppose c = -0*c + 10. Suppose -2*o = -5*d + 33, -o - 2*d + 6 = -0*o. Let b be ((-220)/c)/(1/o). What is the greatest common factor of b and 8?
8
Let r be 2/(-3) - (-20)/12. Let i be (42 - -6)*2*r. Suppose 9 = 2*f - 15. What is the greatest common factor of f and i?
12
Let r = 1094 - 253. Calculate the greatest common factor of 29 and r.
29
Let b(d) be the first derivative of -d**4/4 - 29*d**3/3 + d**2 + 62*d + 52. Let o be b(-29). Calculate the highest common divisor of o and 76.
4
Let k be 3 - (3 + 0) - (1 + -1). Let p = 171 + k. Calculate the greatest common factor of p and 19.
19
Let z = -40 - 4. Let o = z - -64. Let s(v) = 138*v**2 - 4*v - 2. Let i be s(-1). Calculate the greatest common divisor of o and i.
20
Suppose 4*u = 5*d - 23, -d - 23*u = -22*u - 10. What is the highest common factor of 404 and d?
1
Suppose j - 25703 = -3*x, 4*j + 12489 = 3*x - 13234. Calculate the greatest common factor of 19 and x.
19
Let v = 83 + 17. Suppose 0 = n - 4*f - 13, 3*n = -2*n - 4*f + 41. Suppose -5*g = -n*g + 300. Calculate the greatest common divisor of v and g.
25
Suppose -10*b - 1134 = -172*b. What is the highest common divisor of 6013 and b?
7
Let y be (-2 + 1697)/(42/476). Calculate the highest common factor of 170 and y.
170
Let v = 10 + 6. Let m be (-2 - (-6)/5)/((-3)/75). Let d = m - v. Calculate the highest common factor of d and 8.
4
Let o be (-1 - 1)*((-774)/36 + -1). Calculate the greatest common factor of 4605 and o.
15
Suppose -4*p = -3*p - l - 65, 4*p + 3*l = 260. Suppose 4*v + p = 137. What is the highest common divisor of 45 and v?
9
Let r(l) = 2*l**3 - 14*l**2 + 15*l - 13. Let s be r(6). Suppose -2550 = -5*y - 3*n, -s*y = -4*y - 5*n - 538. What is the highest common divisor of y and 19?
19
Let o = 10 + -2. Suppose -2*d = -20 + o. Let z be (1 - 1)/(-2 - -4) + 4. What is the highest common factor of z and d?
2
Let z(j) = j**2 - 5*j - 52. Let o = -176 - -187. Let n be z(o). Calculate the greatest common factor of 119 and n.
7
Suppose 3*m = -4*r + 254, 16*m - 3*r = 20*m - 348. What is the greatest common factor of 5085 and m?
45
Let z be (-4)/(-22) + (-11169)/(-99). Let u = -4 - z. Let t = u - -194. What is the greatest common factor of 44 and t?
11
Let k = 2715 + -2640. Calculate the greatest common divisor of k and 450.
75
Let f(i) = -372*i + 1634. Let t be f(-18). What is the highest common factor of t and 476?
238
Suppose 4*v - 9*v - 4*q + 42 = 0, 0 = 5*q - 15. Calculate the greatest common factor of 93 and v.
3
Suppose -104*u = -198*u + 35156. Suppose 0 = -b + 17 + 17. Calculate the highest common factor of b and u.
34
Suppose 0 = -5*c, -2*m + 0*m + 442 = 3*c. Calculate the greatest common factor of m and 187.
17
Suppose 0 = -300*b + 386980 + 5727320. What is the greatest common factor of 458 and b?
229
Let j be ((-12)/3)/((-50)/7925). Suppose 2*g + 4*s = j + 614, 5*s = 3*g - 1828. What is the highest common factor of 176 and g?
88
Let s be 6/15 - 76/(-10). Suppose 7*q = s*q - 6. Suppose -10*j + 44 = -q*j. What is the highest common factor of j and 77?
11
Let y be (-42*1)/7*-10. Let c be (5/((-50)/12))/((-2)/y). Calculate the greatest common factor of 198 and c.
18
Suppose 3*y - 18*d - 87 = -15*d, 4*y = -4*d + 148. Calculate the greatest common factor of y and 33297.
33
Let j be (1 + -2 + 2)/((-2)/(-4)). Suppose 4*r + 2*o - 32 = 0, 5*r = 6*r + j*o - 8. What is the greatest common factor of 8 and r?
8
Suppose -13*b = -34*b - 966. Let k = -23 - b. Calculate the greatest common factor of 529 and k.
23
Suppose -4*f = 2*x - 710, 2*f - 84*x = -83*x + 345. What is the highest common factor of 6725 and f?
25
Suppose 2*b - 52 = -2*b. Let o = 130 - 112. Suppose o*k = -991 + 2863. What is the greatest common divisor of b and k?
13
Let m be -228*16/(-2)*((-3325)/57)/(-25). What is the greatest common divisor of m and 560?
112
Let l(b) = 90*b + 504. Let a be l(13). Calculate the highest common factor of 930 and a.
186
Let a = -530 + 530. Suppose a = -s + 4, 40 = 3*z - 4*s - 1099. What is the greatest common factor of 35 and z?
35
Suppose -10*a - 168 = -38*a. Let b be a/(((-6)/(-10))/((-18)/(-20))). What is the greatest common factor of 27 and b?
9
Let u be (7/21)/((-1)/(-513)). Let d(j) = 91*j**2 + 3*j + 4. Let v be d(-2). Suppose -13*q = -v + 115. What is the highest common factor of q and u?
19
Let d(n) = n**3 + 9*n**2 